f f?
5
Let k(o) = -2*o - 3. Let s be k(-4). Suppose 0 = -3*q + s*q - 318. Suppose 5*w + 70 = 4*m - 63, 0 = 5*m + w - q. What is the tens digit of m?
3
Let h = 5841 - 5497. Let c be (30/(-25))/((-3)/10). Suppose 3*y = -c*x + 417 - 145, 4*x = 4*y - h. What is the units digit of y?
8
Suppose -101 = 26*h + 29. Let g = 252 - 1297. What is the tens digit of (5 - g/(-15))*(h - -2)?
9
Let g = -2808 - -4265. What is the thousands digit of g?
1
What is the hundreds digit of (16418/(-14) + 1)/(318/(-4452)) + 5?
4
Let m(p) = p**2 + 4*p + 2. Suppose 7 + 4 = -o - 2*v, o - 3*v - 9 = 0. Let s be m(o). What is the units digit of 48/(0 - s)*28/42?
2
Let s(z) = -25*z**3 - z**2 - 18*z - 43. Let q(p) = -20*p + 217. Let a be q(11). What is the units digit of s(a)?
7
Suppose 5*w + 4 = 19. Suppose 4*i + 2*f = -588, i + w*f - 133 = 2*i. Let v = 210 + i. What is the units digit of v?
5
Suppose 132164 = 157*p - 138*p. What is the thousands digit of p?
6
Let y(i) be the third derivative of -i**6/120 + i**5/5 - i**3 + i**2. Let t be y(8). Suppose 11*d - 6*d = t. What is the units digit of d?
0
Let g = -2910 + 18891. What is the hundreds digit of g?
9
Let p = 4949 + -3467. What is the thousands digit of p?
1
What is the ten thousands digit of (11/(935/(-136)))/((-2)/25940)?
2
Let j(d) = 210*d + 1676. What is the tens digit of j(35)?
2
Let c(b) = 1 + 0*b - b + 3 + 2*b. Let p be c(2). Let v = 1 + p. What is the units digit of v?
7
What is the tens digit of ((-10)/(-20))/(1/26678)?
3
What is the thousands digit of 20988 + 0 + 13 + -12?
0
Let x(v) = v + 9. Suppose -47 = 2*q + 3*q + 4*n, 0 = 3*q + 4*n + 25. Let c = q + 6. What is the units digit of x(c)?
4
What is the thousands digit of 41/(-123) - 9/((-54)/27944)?
4
Suppose -4*u = -2*t + 512, -2*t + 547 = 6*u - 3*u. Let o = t + -142. What is the tens digit of o?
2
Let f = -321 + 323. Suppose 0 = 19*y - 36 - f. What is the units digit of y?
2
Suppose f - 44 = -15. Suppose 20661 = f*o - 4569. What is the hundreds digit of o?
8
Suppose 0 = -3*t - 2*o + 117389, o - 117385 = -22*t + 19*t. What is the units digit of t?
7
What is the tens digit of 679*(-704)/(-385)*5?
0
Suppose -2*n = -6*n + 72. Suppose -33 = -5*i - n. Suppose 5*t + 345 = 5*w, 15 = -2*w + i*t + 157. What is the units digit of w?
5
Suppose -166*n + 165*n + 430879 = 5*j, -86183 = -j + n. What is the ten thousands digit of j?
8
Let x(g) = -5*g**2 - 111*g - 17. Let w be x(-17). Let f be (-6134)/(-10) - (-8)/(-20). Let d = f - w. What is the tens digit of d?
8
Suppose -2*j = q - 166, 4*q + j + 82 - 732 = 0. What is the hundreds digit of q?
1
Suppose -438 = 2*k + 920. Let w = -990 - k. Let m = 522 + w. What is the units digit of m?
1
Let d(y) = -y**3 - 15*y**2 + 11*y - 33. Let g be d(-14). Suppose -x - 120 = 104. Let p = x - g. What is the tens digit of p?
5
Let u(q) = -3777*q - 11641. What is the ten thousands digit of u(-8)?
1
Let b be (2 - 5) + 15 + (-3)/1. Suppose 4*l - 541 = -b. What is the units digit of 4 + -2 + l + -3?
2
Let t(p) = -8 + 72*p**2 - 136*p**2 + 43 + 63*p**2 - 16*p. Let h be t(-21). What is the units digit of (952/h)/((-2)/10)?
8
Let d be (-8)/6 + (-6)/90*-65. Suppose 10 = -0*t + 2*t. Suppose -k - 4*p - 300 = -t*k, p - 225 = -d*k. What is the units digit of k?
5
Suppose -4*p - 740 = 4*h, 215 = -3*h + 3*p - 322. What is the hundreds digit of 2624/7 + (-26)/h?
3
Suppose 0 = 338*b - 637*b + 2828241. What is the tens digit of b?
5
Let y(t) = -t**2 + 4*t - 4. Let d be y(3). Let f be d*((-3)/4 - (-1)/(-4)). What is the hundreds digit of (f - (-4)/4)/((-2)/(-123))?
1
Let n be ((-60)/(-50))/(-1*1/(-30)). Suppose 2*a + 4*a - n = 0. Suppose 11*k - a*k = 515. What is the tens digit of k?
0
Let x = 160 - 158. What is the tens digit of (384 - x) + (6 - 6)?
8
Let d(v) = 1368*v + 315. What is the ten thousands digit of d(13)?
1
Let s(l) = l**3 - 27*l**2 + 36*l + 52. What is the hundreds digit of s(32)?
3
Let z be (390/(-25))/((-6)/15). Let s = 36 - z. What is the hundreds digit of s*(-136)/(-2)*7/(-7)?
2
Let m(j) = 10*j**2 - 22*j - 1094. What is the ten thousands digit of m(-50)?
2
Suppose -x = 7*x - 16. Suppose -3*m = 4*y + 177 - 817, -y + x*m + 171 = 0. Let a = y + -7. What is the hundreds digit of a?
1
Suppose 0 = 6*f + 68 - 140. Let q(k) = k**3 - 11*k**2 - 12*k + 3. Let y be q(f). Suppose y*o - 576 + 63 = 0. What is the hundreds digit of o?
1
Let w(i) = -15483*i - 3789. What is the thousands digit of w(-3)?
2
Suppose -34*s - 204071 = -590413. What is the hundreds digit of s?
3
Let b(v) = 689*v + 1342. What is the units digit of b(16)?
6
Suppose 0 = 2*z - 6*z + 3164. Let v(r) = 2*r**3 - 8*r**2 - 7*r - 10. Let x be v(5). Suppose z = x*m + 131. What is the tens digit of m?
3
Suppose -470 = s - 103. Let y = 178 - s. What is the hundreds digit of y?
5
Suppose -2*r = -3722 + 676. Suppose 5*w - 1352 - r = -5*m, -3*w - 4*m + 1726 = 0. What is the units digit of w?
4
Let d(z) = 2*z**2 + 67*z - 146. What is the thousands digit of d(45)?
6
Let t = 859 + -859. Suppose -23*w - 18*w + 43050 = t. What is the units digit of w?
0
Suppose -5*s + 5*r - 67 = -57, -5*r - 30 = 3*s. Let q(z) = -314*z - 171. What is the hundreds digit of q(s)?
3
Suppose -4 + 36 = 4*y. Let b be (-14)/21*(-3)/2*y. What is the units digit of b/9*-3*(-420)/8?
0
Let y(a) = -a**2 + 8*a - 27. Let x(k) = 3*k**2 - 2*k - 2. Let q be x(2). Let l be y(q). Let o = 102 - l. What is the units digit of o?
7
Suppose 2*u = 7 + 1. Suppose 3*o = -3*w - 3, 5*w + 6 = -u*o - 0. Let i(l) = 8*l**2 + 4*l + 3. What is the tens digit of i(w)?
2
What is the hundreds digit of 45803*1 + -3 + 27*(-8)/(-72)?
8
Suppose -45 = -22*h + 109. Let f(n) = 43*n + 2. What is the hundreds digit of f(h)?
3
Let t(c) = 5327*c - 3080. What is the units digit of t(11)?
7
Let s(w) = -42*w - 871. What is the hundreds digit of s(-66)?
9
Suppose -3*q - 63080 = -2*k, 0*q - 126094 = -4*k - 5*q. What is the units digit of k?
1
Suppose -3*c + 476 = -2*x, 2*x = 10*c - 9*c - 156. What is the tens digit of 1800/c*1*24?
7
Suppose 4*g = 12*g - 1960. Suppose 0 = s - v - 124 - 6, g = 2*s - 5*v. What is the units digit of s?
5
Let p(t) = -4*t**2 - 3*t + 10. Let y be p(20). What is the units digit of ((-136)/32 - -4) + y/(-8)?
6
Let b be (95/(-10) - -8)/(6/(-20)). Let x = 24 - 22. Suppose v = 5*m + 227, -x*v + 445 = -6*m + b*m. What is the units digit of v?
2
Let j = 8054 + 1750. What is the units digit of j?
4
Let y = -366 - -827. Let u = -100 + y. What is the units digit of u?
1
Suppose 0 = 4*o - 20, -3*w - 109*o = -108*o - 137741. What is the thousands digit of w?
5
Suppose 7*g + 1000 = -7792. Let w = 157 - g. What is the thousands digit of w?
1
Let q = 43 + -109. Let h be (364/84)/((-2)/q). Let x = h + 122. What is the tens digit of x?
6
Let z(j) = 8*j**2 + 4*j + 39. Let y be z(15). Suppose -1260 = -2*g + 5*m, -y = -3*g + 9*m - 6*m. What is the tens digit of g?
3
Suppose g - 49*g = -56928. Suppose 0 = -4*p + 2*z + 3034 + g, 2*z + 2112 = 2*p. What is the hundreds digit of p?
0
Suppose 4*h = -k + 194, 4*k = 8*h - 3*h - 232. Suppose 4*l = -3*q + 80, l + 3*l - 5*q = h. Suppose c - 51 + l = 0. What is the units digit of c?
4
Let o(n) = 246*n**2 - 216*n - 2765. What is the units digit of o(-13)?
7
Suppose -5*i - 2*y = -60748 - 90853, 30327 = i - 3*y. What is the units digit of i/45 + (-36)/20 + 2?
4
Let j be 4/5 + (-969)/(-95). Suppose 0 = -j*i - 1094 + 4834. What is the tens digit of i?
4
Suppose -3*a - 5*m = -33, -a - 4*m - 28 = -2*a. Suppose -4*u - c + 2*c + 15 = 0, -5*u + a = -4*c. What is the tens digit of 76/u - 5/((-10)/(-4))?
1
Suppose 0 = -3*n - 9, -3*z + 4*n + 5 = -7. Suppose z = 6*l - l - 2485. What is the tens digit of l?
9
Let y(j) = -15*j. Let w be y(1). Let s(p) = 60*p**3 - 59*p**3 - 6*p + 15*p**2 + 0*p + 11. What is the units digit of s(w)?
1
What is the ten thousands digit of (-112)/(-14) - 14188/(-1)?
1
Let w be (-9 + 8)/(1/82). Let q = -7 + 174. Let j = w + q. What is the tens digit of j?
8
Suppose 7*b = -4*n + 5*b + 52790, 52811 = 4*n - 5*b. What is the hundreds digit of n?
1
Let n(a) = 32*a - 3220. What is the hundreds digit of n(112)?
3
Let k = 268 - 256. Suppose -k*z = -1462 - 2090. What is the units digit of z?
6
Let g = 5934 - -23014. What is the ten thousands digit of g?
2
Let c be 38/4 - (-27)/(-54). Suppose -9*a + 4662 = c*a. What is the 